{"id":915,"date":"2017-09-03T19:52:16","date_gmt":"2017-09-03T22:52:16","guid":{"rendered":"http:\/\/mcities.com.br\/curitiba\/?page_id=915"},"modified":"2020-11-03T17:59:52","modified_gmt":"2020-11-03T20:59:52","slug":"politica-de-privacidade","status":"publish","type":"page","link":"https:\/\/mcities.com.br\/curitiba\/politica-de-privacidade\/","title":{"rendered":"Pol\u00edtica de Privacidade"},"content":{"rendered":"\t\t<div data-elementor-type=\"wp-page\" data-elementor-id=\"915\" class=\"elementor elementor-915 elementor-bc-flex-widget\">\n\t\t\t\t\t\t\t\t\t<section class=\"elementor-section elementor-top-section elementor-element elementor-element-922tkj5 elementor-section-boxed elementor-section-height-default elementor-section-height-default\" data-id=\"922tkj5\" data-element_type=\"section\">\n\t\t\t\t\t\t<div class=\"elementor-container elementor-column-gap-default\">\n\t\t\t\t\t<div class=\"elementor-column elementor-col-100 elementor-top-column elementor-element elementor-element-27pdt98\" data-id=\"27pdt98\" data-element_type=\"column\">\n\t\t\t<div class=\"elementor-widget-wrap elementor-element-populated\">\n\t\t\t\t\t\t\t\t<div class=\"elementor-element elementor-element-w5v8mjd elementor-widget elementor-widget-spacer\" data-id=\"w5v8mjd\" data-element_type=\"widget\" data-widget_type=\"spacer.default\">\n\t\t\t\t<div class=\"elementor-widget-container\">\n\t\t\t\t\t<div class=\"elementor-spacer\">\n\t\t\t<div class=\"elementor-spacer-inner\"><\/div>\n\t\t<\/div>\n\t\t\t\t<\/div>\n\t\t\t\t<\/div>\n\t\t\t\t\t<\/div>\n\t\t<\/div>\n\t\t\t\t\t\t\t<\/div>\n\t\t<\/section>\n\t\t\t\t<section class=\"elementor-section elementor-top-section elementor-element elementor-element-iw8x7e3 elementor-section-boxed elementor-section-height-default elementor-section-height-default\" data-id=\"iw8x7e3\" data-element_type=\"section\">\n\t\t\t\t\t\t<div class=\"elementor-container elementor-column-gap-default\">\n\t\t\t\t\t<div class=\"elementor-column elementor-col-100 elementor-top-column elementor-element elementor-element-1yi5lov\" data-id=\"1yi5lov\" data-element_type=\"column\">\n\t\t\t<div class=\"elementor-widget-wrap elementor-element-populated\">\n\t\t\t\t\t\t\t\t<div class=\"elementor-element elementor-element-l144i6i elementor-widget elementor-widget-text-editor\" data-id=\"l144i6i\" data-element_type=\"widget\" data-widget_type=\"text-editor.default\">\n\t\t\t\t<div class=\"elementor-widget-container\">\n\t\t\t\t\t\t\t<p><b>Pol\u00edtica de Privacidade \u00a0<\/b><\/p><p>Para o MCities a privacidade \u00e9 um assunto de grande import\u00e2ncia! Por esta raz\u00e3o este documento busca detalhar aos Usu\u00e1rios como suas informa\u00e7\u00f5es s\u00e3o utilizadas em nosso site. \u00c9 recomendado que os Usu\u00e1rios leiam atentamente.<\/p><p>Todas as suas informa\u00e7\u00f5es pessoais recolhidas, ser\u00e3o usadas para o ajudar a tornar a sua visita no nosso site o mais produtivo e agrad\u00e1vel poss\u00edvel. A garantia da confidencialidade dos dados pessoais dos utilizadores do nosso site \u00e9 importante para o MCities. Todas as informa\u00e7\u00f5es pessoais relativas a membros, assinantes, clientes ou visitantes que usem o MCities ser\u00e3o tratadas em concord\u00e2ncia com a Lei da Prote\u00e7\u00e3o de Dados Pessoais de 26 de outubro de 1998 (Lei n.\u00ba 67\/98). A informa\u00e7\u00e3o pessoal recolhida pode incluir o seu nome, e-mail, n\u00famero de telefone e\/ou tele m\u00f3vel, morada, data de nascimento e\/ou outros. O uso do MCities pressup\u00f5e a aceita\u00e7\u00e3o deste Acordo de privacidade. A equipe MCities reserva-se ao direito de alterar este acordo sem aviso pr\u00e9vio. Deste modo, recomendamos que consulte a nossa pol\u00edtica de privacidade com regularidade de forma a estar sempre atualizado.<\/p><p>\u00a0<\/p><p><b>An\u00fancios<\/b><\/p><p>Tal como outros websites, coletamos e utilizamos informa\u00e7\u00e3o contida nos an\u00fancios. A informa\u00e7\u00e3o contida nos an\u00fancios, inclui o seu endere\u00e7o IP (Internet Protocol), o seu ISP (Internet Service Provider, como o Sapo, Clix, ou outro), o browser que utilizou ao visitar o nosso website (como o Internet Explorer ou o Firefox), o tempo da sua visita e que p\u00e1ginas visitou dentro do nosso website.<\/p><p>A nossa pol\u00edtica de privacidade n\u00e3o \u00e9 aplicada a sites de terceiros, caso visite outro site a partir do nosso dever\u00e1 ler a pol\u00edtica de privacidade do mesmo. N\u00e3o nos responsabilizamos pela pol\u00edtica de privacidade ou conte\u00fado presente nesses mesmos sites.<\/p><p>Por se tratar de um conte\u00fado din\u00e2mico, o site pode conter pequenos erros tipogr\u00e1ficos. Altera\u00e7\u00f5es podem ser feitas sem aviso pr\u00e9vio, inclusive em produtos anunciados.<\/p><p>\u00a0<\/p><p><b>Cookie DoubleClick Dart<\/b><\/p><p>O Google, como fornecedor de terceiros, utiliza cookies para exibir an\u00fancios no nosso website; Com o cookie DART, o Google pode exibir an\u00fancios com base nas visitas que o leitor fez a outros websites na Internet; Os utilizadores podem desativar o cookie DART visitando a Pol\u00edtica de\u00a0<a style=\"color: #a51118;\" href=\"http:\/\/politicaprivacidade.com\/\" target=\"_blank\" rel=\"noopener\">privacidade da rede de conte\u00fado<\/a>\u00a0e dos an\u00fancios do Google.<\/p><p>\u00a0<\/p><p><b>Cookies e Web Beacons<\/b><\/p><p>Utilizamos cookies para armazenar informa\u00e7\u00e3o, tais como as suas prefer\u00eancias pessoas quando visita o nosso website. Isto poder\u00e1 incluir um simples pop up, ou uma liga\u00e7\u00e3o em v\u00e1rios servi\u00e7os que providenciamos, tais como f\u00f3runs. Em adi\u00e7\u00e3o tamb\u00e9m utilizamos publicidade de terceiros no nosso website para suportar os custos de manuten\u00e7\u00e3o. Alguns destes publicit\u00e1rios, poder\u00e3o utilizar tecnologias como os cookies e\/ou web beacons quando publicitam no nosso website, o que far\u00e1 com que esses publicit\u00e1rios (como o Google atrav\u00e9s do Google AdSense) tamb\u00e9m recebam a sua informa\u00e7\u00e3o pessoal, como o endere\u00e7o IP, o seu ISP, o seu browser, etc. Esta fun\u00e7\u00e3o \u00e9 geralmente utilizada para geotargeting (mostrar publicidade de Lisboa apenas aos leitores oriundos de Lisboa por ex.) ou apresentar publicidade direcionada a um tipo de utilizador (como mostrar publicidade de restaurante a um utilizador que visita sites de culin\u00e1ria regularmente, por ex.). Voc\u00ea det\u00e9m o poder de desligar os seus cookies, nas op\u00e7\u00f5es do seu browser, ou efetuando altera\u00e7\u00f5es nas ferramentas de programas Antiv\u00edrus, como o Norton Internet Security. No entanto, isso poder\u00e1 alterar a forma como interage com o nosso website, ou outros websites. Isso poder\u00e1 afetar ou n\u00e3o permitir que fa\u00e7a logins em programas, sites ou f\u00f3runs da nossa e de outras redes.<\/p><p>\u00a0<\/p><p><em>N\u00e3o divulgamos a terceiros os dados individuais de nossos clientes, a n\u00e3o ser que autorizados previamente por voc\u00ea. Somente compartilhamos informa\u00e7\u00f5es gen\u00e9ricas, como distribui\u00e7\u00f5es geogr\u00e1ficas de nossos clientes, percentuais de homens e mulheres, faixas et\u00e1rias e outras caracter\u00edsticas, sem qualquer identifica\u00e7\u00e3o pessoal, para que patrocinadores, parceiros de neg\u00f3cios e anunciantes possam identificar seus grupos de interesse e oferecer promo\u00e7\u00f5es e\/ou anunciar produtos.<\/em><br \/> <b>Liga\u00e7\u00f5es a Sites de terceiros<\/b><\/p><p>MCities possui liga\u00e7\u00f5es para outros sites, os quais, a nosso ver, podem conter informa\u00e7\u00f5es \/ ferramentas \u00fateis para os nossos visitantes. A nossa pol\u00edtica de privacidade n\u00e3o \u00e9 aplicada a sites de terceiros, pelo que, caso visite outro site a partir do nosso dever\u00e1 ler a pol\u00edtica de privacidade do mesmo. N\u00e3o nos responsabilizamos pela pol\u00edtica de privacidade ou conte\u00fado presente nesses mesmos sites<\/p><p>\u00a0<\/p><p><b>Sobre o compartilhamento de conte\u00fado nas redes sociais<\/b><\/p><p>Ao clicar nos bot\u00f5es de compartilhamento de conte\u00fado nas redes sociais\u00a0dispon\u00edveis em nossas p\u00e1ginas, o usu\u00e1rio estar\u00e1 publicando o conte\u00fado por meio de seu perfil na rede selecionada. MCities n\u00e3o t\u00eam acesso ao login e senha dos usu\u00e1rios nessas redes, nem publicar\u00e1 conte\u00fado em nome do usu\u00e1rio sem que ele realize esta a\u00e7\u00e3o.<\/p><p>\u00a0<\/p><h4><b>Uso de credenciais de redes sociais<\/b><\/h4><p>MCities disponibiliza ainda o acesso por meio de credenciais utilizadas em redes sociais. Ao efetuar a vincula\u00e7\u00e3o com uma conta em rede social, o Usu\u00e1rio autorizar\u00e1 O MCities a coletar suas informa\u00e7\u00f5es pessoais, tais como, mas n\u00e3o se limitando a seu nome, e-mail, data de nascimento, telefone, endere\u00e7o, informa\u00e7\u00f5es de experi\u00eancias profissionais como cargo ocupado, nome de empresas em que atuou, per\u00edodo de atua\u00e7\u00e3o, descri\u00e7\u00f5es de experi\u00eancias e compet\u00eancias, informa\u00e7\u00f5es de escolaridade como n\u00edvel de gradua\u00e7\u00e3o, cursos realizados e respectivas institui\u00e7\u00f5es, bem como a sua foto de perfil, associando-as ao seu cadastro no MCities. MCities n\u00e3o far\u00e1 qualquer tipo de publica\u00e7\u00e3o ou compartilhamento na respectiva rede social em nome do Usu\u00e1rio sem a sua autoriza\u00e7\u00e3o expressa. O Usu\u00e1rio concorda que as informa\u00e7\u00f5es fornecidas diretamente nos perfis mantidos nas redes sociais ser\u00e3o regidas pelos Termos de Uso e Pol\u00edticas de Privacidade da respectiva rede social.<\/p><p>\u00a0<\/p><p>Qualquer d\u00favida em rela\u00e7\u00e3o \u00e0 nossa pol\u00edtica de privacidade pode ser esclarecida entrando em contato conosco por e-mail <a style=\"color: #a51118;\" href=\"mailto:contato@mcities.com.br\">contato@mcities.com.br<\/a>.<\/p><p>\u00a0<\/p>\t\t\t\t\t\t<\/div>\n\t\t\t\t<\/div>\n\t\t\t\t\t<\/div>\n\t\t<\/div>\n\t\t\t\t\t\t\t<\/div>\n\t\t<\/section>\n\t\t\t\t<section class=\"elementor-section elementor-top-section elementor-element elementor-element-mdtwgld elementor-section-boxed elementor-section-height-default elementor-section-height-default\" data-id=\"mdtwgld\" data-element_type=\"section\">\n\t\t\t\t\t\t<div class=\"elementor-container elementor-column-gap-default\">\n\t\t\t\t\t<div class=\"elementor-column elementor-col-100 elementor-top-column elementor-element elementor-element-gpmxj18\" data-id=\"gpmxj18\" data-element_type=\"column\">\n\t\t\t<div class=\"elementor-widget-wrap elementor-element-populated\">\n\t\t\t\t\t\t\t\t<div class=\"elementor-element elementor-element-8ltwbnz elementor-widget elementor-widget-spacer\" data-id=\"8ltwbnz\" data-element_type=\"widget\" data-widget_type=\"spacer.default\">\n\t\t\t\t<div class=\"elementor-widget-container\">\n\t\t\t\t\t<div class=\"elementor-spacer\">\n\t\t\t<div class=\"elementor-spacer-inner\"><\/div>\n\t\t<\/div>\n\t\t\t\t<\/div>\n\t\t\t\t<\/div>\n\t\t\t\t\t<\/div>\n\t\t<\/div>\n\t\t\t\t\t\t\t<\/div>\n\t\t<\/section>\n\t\t\t\t\t\t\t<\/div>\n\t\t","protected":false},"excerpt":{"rendered":"<p>Pol\u00edtica de Privacidade \u00a0 Para o MCities a privacidade \u00e9 um assunto de grande import\u00e2ncia! Por esta raz\u00e3o este documento busca detalhar aos Usu\u00e1rios como suas informa\u00e7\u00f5es s\u00e3o utilizadas em nosso site. \u00c9 recomendado que os Usu\u00e1rios leiam atentamente. Todas as suas informa\u00e7\u00f5es pessoais recolhidas, ser\u00e3o usadas para o ajudar a tornar a sua visita [&hellip;]<\/p>\n","protected":false},"author":1,"featured_media":0,"parent":0,"menu_order":0,"comment_status":"closed","ping_status":"closed","template":"page-padrao.php","meta":{"footnotes":""},"yoast_head":"<!-- This site is optimized with the Yoast SEO plugin v21.9.1 - https:\/\/yoast.com\/wordpress\/plugins\/seo\/ -->\n<title>Pol\u00edtica de Privacidade | MCities Curitiba<\/title>\n<meta name=\"robots\" content=\"index, follow, max-snippet:-1, max-image-preview:large, max-video-preview:-1\" \/>\n<link rel=\"canonical\" href=\"https:\/\/mcities.com.br\/curitiba\/politica-de-privacidade\/\" \/>\n<meta property=\"og:locale\" content=\"pt_BR\" \/>\n<meta property=\"og:type\" content=\"article\" \/>\n<meta property=\"og:title\" content=\"Pol\u00edtica de Privacidade | MCities Curitiba\" \/>\n<meta property=\"og:description\" content=\"Pol\u00edtica de Privacidade \u00a0 Para o MCities a privacidade \u00e9 um assunto de grande import\u00e2ncia! Por esta raz\u00e3o este documento busca detalhar aos Usu\u00e1rios como suas informa\u00e7\u00f5es s\u00e3o utilizadas em nosso site. \u00c9 recomendado que os Usu\u00e1rios leiam atentamente. Todas as suas informa\u00e7\u00f5es pessoais recolhidas, ser\u00e3o usadas para o ajudar a tornar a sua visita [&hellip;]\" \/>\n<meta property=\"og:url\" content=\"https:\/\/mcities.com.br\/curitiba\/politica-de-privacidade\/\" \/>\n<meta property=\"og:site_name\" content=\"MCities Curitiba\" \/>\n<meta property=\"article:modified_time\" content=\"2020-11-03T20:59:52+00:00\" \/>\n<meta name=\"twitter:card\" content=\"summary_large_image\" \/>\n<meta name=\"twitter:label1\" content=\"Est. reading time\" \/>\n\t<meta name=\"twitter:data1\" content=\"5 minutos\" \/>\n<script type=\"application\/ld+json\" class=\"yoast-schema-graph\">{\"@context\":\"https:\/\/schema.org\",\"@graph\":[{\"@type\":\"WebPage\",\"@id\":\"https:\/\/mcities.com.br\/curitiba\/politica-de-privacidade\/\",\"url\":\"https:\/\/mcities.com.br\/curitiba\/politica-de-privacidade\/\",\"name\":\"Pol\u00edtica de Privacidade | MCities Curitiba\",\"isPartOf\":{\"@id\":\"https:\/\/mcities.com.br\/curitiba\/#website\"},\"datePublished\":\"2017-09-03T22:52:16+00:00\",\"dateModified\":\"2020-11-03T20:59:52+00:00\",\"breadcrumb\":{\"@id\":\"https:\/\/mcities.com.br\/curitiba\/politica-de-privacidade\/#breadcrumb\"},\"inLanguage\":\"pt-BR\",\"potentialAction\":[{\"@type\":\"ReadAction\",\"target\":[\"https:\/\/mcities.com.br\/curitiba\/politica-de-privacidade\/\"]}]},{\"@type\":\"BreadcrumbList\",\"@id\":\"https:\/\/mcities.com.br\/curitiba\/politica-de-privacidade\/#breadcrumb\",\"itemListElement\":[{\"@type\":\"ListItem\",\"position\":1,\"name\":\"Home\",\"item\":\"https:\/\/mcities.com.br\/curitiba\/\"},{\"@type\":\"ListItem\",\"position\":2,\"name\":\"Pol\u00edtica de Privacidade\"}]},{\"@type\":\"WebSite\",\"@id\":\"https:\/\/mcities.com.br\/curitiba\/#website\",\"url\":\"https:\/\/mcities.com.br\/curitiba\/\",\"name\":\"MCities Curitiba\",\"description\":\"MCities \u00e9 um sistema que tem a disposic\u0327a\u0303o de dinamizar a integrac\u0327a\u0303o entre pessoas e cidades. Somos um sistema que oferece conte\u00fados de experi\u00eancias divertidas para voc\u00ea curtir e viver momentos incr\u00edveis, seja em casa ou nas ruas da cidade.\",\"publisher\":{\"@id\":\"https:\/\/mcities.com.br\/curitiba\/#organization\"},\"potentialAction\":[{\"@type\":\"SearchAction\",\"target\":{\"@type\":\"EntryPoint\",\"urlTemplate\":\"https:\/\/mcities.com.br\/curitiba\/?s={search_term_string}\"},\"query-input\":\"required name=search_term_string\"}],\"inLanguage\":\"pt-BR\"},{\"@type\":\"Organization\",\"@id\":\"https:\/\/mcities.com.br\/curitiba\/#organization\",\"name\":\"MCities\",\"url\":\"https:\/\/mcities.com.br\/curitiba\/\",\"logo\":{\"@type\":\"ImageObject\",\"inLanguage\":\"pt-BR\",\"@id\":\"https:\/\/mcities.com.br\/curitiba\/#\/schema\/logo\/image\/\",\"url\":\"https:\/\/mcities.com.br\/curitiba\/wp-content\/uploads\/sites\/3\/2017\/03\/mcities-color.png\",\"contentUrl\":\"https:\/\/mcities.com.br\/curitiba\/wp-content\/uploads\/sites\/3\/2017\/03\/mcities-color.png\",\"width\":248,\"height\":57,\"caption\":\"MCities\"},\"image\":{\"@id\":\"https:\/\/mcities.com.br\/curitiba\/#\/schema\/logo\/image\/\"}}]}<\/script>\n<!-- \/ Yoast SEO plugin. -->","yoast_head_json":{"title":"Pol\u00edtica de Privacidade | MCities Curitiba","robots":{"index":"index","follow":"follow","max-snippet":"max-snippet:-1","max-image-preview":"max-image-preview:large","max-video-preview":"max-video-preview:-1"},"canonical":"https:\/\/mcities.com.br\/curitiba\/politica-de-privacidade\/","og_locale":"pt_BR","og_type":"article","og_title":"Pol\u00edtica de Privacidade | MCities Curitiba","og_description":"Pol\u00edtica de Privacidade \u00a0 Para o MCities a privacidade \u00e9 um assunto de grande import\u00e2ncia! Por esta raz\u00e3o este documento busca detalhar aos Usu\u00e1rios como suas informa\u00e7\u00f5es s\u00e3o utilizadas em nosso site. \u00c9 recomendado que os Usu\u00e1rios leiam atentamente. Todas as suas informa\u00e7\u00f5es pessoais recolhidas, ser\u00e3o usadas para o ajudar a tornar a sua visita [&hellip;]","og_url":"https:\/\/mcities.com.br\/curitiba\/politica-de-privacidade\/","og_site_name":"MCities Curitiba","article_modified_time":"2020-11-03T20:59:52+00:00","twitter_card":"summary_large_image","twitter_misc":{"Est. reading time":"5 minutos"},"schema":{"@context":"https:\/\/schema.org","@graph":[{"@type":"WebPage","@id":"https:\/\/mcities.com.br\/curitiba\/politica-de-privacidade\/","url":"https:\/\/mcities.com.br\/curitiba\/politica-de-privacidade\/","name":"Pol\u00edtica de Privacidade | MCities Curitiba","isPartOf":{"@id":"https:\/\/mcities.com.br\/curitiba\/#website"},"datePublished":"2017-09-03T22:52:16+00:00","dateModified":"2020-11-03T20:59:52+00:00","breadcrumb":{"@id":"https:\/\/mcities.com.br\/curitiba\/politica-de-privacidade\/#breadcrumb"},"inLanguage":"pt-BR","potentialAction":[{"@type":"ReadAction","target":["https:\/\/mcities.com.br\/curitiba\/politica-de-privacidade\/"]}]},{"@type":"BreadcrumbList","@id":"https:\/\/mcities.com.br\/curitiba\/politica-de-privacidade\/#breadcrumb","itemListElement":[{"@type":"ListItem","position":1,"name":"Home","item":"https:\/\/mcities.com.br\/curitiba\/"},{"@type":"ListItem","position":2,"name":"Pol\u00edtica de Privacidade"}]},{"@type":"WebSite","@id":"https:\/\/mcities.com.br\/curitiba\/#website","url":"https:\/\/mcities.com.br\/curitiba\/","name":"MCities Curitiba","description":"MCities \u00e9 um sistema que tem a disposic\u0327a\u0303o de dinamizar a integrac\u0327a\u0303o entre pessoas e cidades. Somos um sistema que oferece conte\u00fados de experi\u00eancias divertidas para voc\u00ea curtir e viver momentos incr\u00edveis, seja em casa ou nas ruas da cidade.","publisher":{"@id":"https:\/\/mcities.com.br\/curitiba\/#organization"},"potentialAction":[{"@type":"SearchAction","target":{"@type":"EntryPoint","urlTemplate":"https:\/\/mcities.com.br\/curitiba\/?s={search_term_string}"},"query-input":"required name=search_term_string"}],"inLanguage":"pt-BR"},{"@type":"Organization","@id":"https:\/\/mcities.com.br\/curitiba\/#organization","name":"MCities","url":"https:\/\/mcities.com.br\/curitiba\/","logo":{"@type":"ImageObject","inLanguage":"pt-BR","@id":"https:\/\/mcities.com.br\/curitiba\/#\/schema\/logo\/image\/","url":"https:\/\/mcities.com.br\/curitiba\/wp-content\/uploads\/sites\/3\/2017\/03\/mcities-color.png","contentUrl":"https:\/\/mcities.com.br\/curitiba\/wp-content\/uploads\/sites\/3\/2017\/03\/mcities-color.png","width":248,"height":57,"caption":"MCities"},"image":{"@id":"https:\/\/mcities.com.br\/curitiba\/#\/schema\/logo\/image\/"}}]}},"_links":{"self":[{"href":"https:\/\/mcities.com.br\/curitiba\/wp-json\/wp\/v2\/pages\/915"}],"collection":[{"href":"https:\/\/mcities.com.br\/curitiba\/wp-json\/wp\/v2\/pages"}],"about":[{"href":"https:\/\/mcities.com.br\/curitiba\/wp-json\/wp\/v2\/types\/page"}],"author":[{"embeddable":true,"href":"https:\/\/mcities.com.br\/curitiba\/wp-json\/wp\/v2\/users\/1"}],"replies":[{"embeddable":true,"href":"https:\/\/mcities.com.br\/curitiba\/wp-json\/wp\/v2\/comments?post=915"}],"version-history":[{"count":10,"href":"https:\/\/mcities.com.br\/curitiba\/wp-json\/wp\/v2\/pages\/915\/revisions"}],"predecessor-version":[{"id":11129,"href":"https:\/\/mcities.com.br\/curitiba\/wp-json\/wp\/v2\/pages\/915\/revisions\/11129"}],"wp:attachment":[{"href":"https:\/\/mcities.com.br\/curitiba\/wp-json\/wp\/v2\/media?parent=915"}],"curies":[{"name":"wp","href":"https:\/\/api.w.org\/{rel}","templated":true}]}}