{"id":907,"date":"2017-09-01T19:12:23","date_gmt":"2017-09-01T22:12:23","guid":{"rendered":"http:\/\/mcities.com.br\/curitiba\/?page_id=907"},"modified":"2021-08-23T19:15:42","modified_gmt":"2021-08-23T22:15:42","slug":"fale-com-mcities","status":"publish","type":"page","link":"https:\/\/mcities.com.br\/curitiba\/fale-com-mcities\/","title":{"rendered":"Conecte-se Conosco"},"content":{"rendered":"\t\t<div data-elementor-type=\"wp-page\" data-elementor-id=\"907\" class=\"elementor elementor-907\">\n\t\t\t\t\t\t\t\t\t<section class=\"elementor-section elementor-top-section elementor-element elementor-element-3juchod elementor-section-full_width elementor-section-height-default elementor-section-height-default\" data-id=\"3juchod\" data-element_type=\"section\">\n\t\t\t\t\t\t<div class=\"elementor-container elementor-column-gap-default\">\n\t\t\t\t\t\t\t\t<\/div>\n\t\t<\/section>\n\t\t\t\t<section class=\"elementor-section elementor-top-section elementor-element elementor-element-u50jcgj elementor-section-content-top elementor-section-boxed elementor-section-height-default elementor-section-height-default\" data-id=\"u50jcgj\" data-element_type=\"section\">\n\t\t\t\t\t\t<div class=\"elementor-container elementor-column-gap-default\">\n\t\t\t\t\t<div class=\"elementor-column elementor-col-100 elementor-top-column elementor-element elementor-element-s8hwg02\" data-id=\"s8hwg02\" data-element_type=\"column\">\n\t\t\t<div class=\"elementor-widget-wrap elementor-element-populated\">\n\t\t\t\t\t\t\t\t<div class=\"elementor-element elementor-element-19muole elementor-widget elementor-widget-heading\" data-id=\"19muole\" data-element_type=\"widget\" data-widget_type=\"heading.default\">\n\t\t\t\t<div class=\"elementor-widget-container\">\n\t\t\t<h2 class=\"elementor-heading-title elementor-size-default\">Conecte-se com MCities<\/h2>\t\t<\/div>\n\t\t\t\t<\/div>\n\t\t\t\t<div class=\"elementor-element elementor-element-ezui9zm elementor-widget elementor-widget-text-editor\" data-id=\"ezui9zm\" data-element_type=\"widget\" data-widget_type=\"text-editor.default\">\n\t\t\t\t<div class=\"elementor-widget-container\">\n\t\t\t\t\t\t\t<div><div><div><div><div dir=\"auto\"><span style=\"border: 0px; font-family: 'Open Sans', sans-serif; font-size: 16px; font-weight: bold; margin: 0px; padding: 0px; vertical-align: baseline; color: #38485e;\"><span style=\"border: 0px; font-family: 'Open Sans', sans-serif; font-style: inherit; font-weight: inherit; margin: 0px; padding: 0px; vertical-align: inherit;\"><span style=\"border: 0px; font-family: 'Open Sans', sans-serif; font-style: inherit; font-weight: inherit; margin: 0px; padding: 0px; vertical-align: inherit;\">Envie feedback \/ not\u00edcias \/ ideias \/ perguntas:\u00a0<\/span><\/span><\/span><b style=\"color: var( --e-global-color-text );\">conteudo.cwb@mcities.com.br<\/b><\/div><div dir=\"auto\"><p><span style=\"color: #38485e; font-family: 'Open Sans', sans-serif; font-size: 16px; font-weight: var( --e-global-typography-text-font-weight );\">\u00a0<\/span><\/p><p><span style=\"color: #38485e; font-family: 'Open Sans', sans-serif; font-size: 16px; font-weight: var( --e-global-typography-text-font-weight );\">Tem interesse em anunciar? contato@mcities.com.br<\/span><\/p><p><span style=\"color: #38485e; font-family: 'Open Sans', sans-serif; font-size: 16px; font-weight: var( --e-global-typography-text-font-weight );\">\u00a0<\/span><\/p><p><span style=\"color: #38485e; font-family: 'Open Sans', sans-serif; font-size: 16px; font-weight: var( --e-global-typography-text-font-weight );\">Quer falar?\u00a0 41 99611-9930<\/span>\u00a0<\/p><\/div><\/div><\/div><\/div><\/div>\t\t\t\t\t\t<\/div>\n\t\t\t\t<\/div>\n\t\t\t\t\t<\/div>\n\t\t<\/div>\n\t\t\t\t\t\t\t<\/div>\n\t\t<\/section>\n\t\t\t\t\t\t\t<\/div>\n\t\t","protected":false},"excerpt":{"rendered":"<p>Conecte-se com MCities Envie feedback \/ not\u00edcias \/ ideias \/ perguntas:\u00a0conteudo.cwb@mcities.com.br \u00a0 Tem interesse em anunciar? contato@mcities.com.br \u00a0 Quer falar?\u00a0 41 99611-9930\u00a0<\/p>\n","protected":false},"author":1,"featured_media":0,"parent":0,"menu_order":0,"comment_status":"closed","ping_status":"closed","template":"page-padrao.php","meta":{"footnotes":""},"yoast_head":"<!-- This site is optimized with the Yoast SEO plugin v21.9.1 - https:\/\/yoast.com\/wordpress\/plugins\/seo\/ -->\n<title>Conecte-se Conosco | MCities Curitiba<\/title>\n<meta name=\"description\" content=\"Quer enviar uma pauta ou anunciar? Este \u00e9 o canal para falar com a gente. Clique para saber mais e conecte-se\" \/>\n<meta name=\"robots\" content=\"index, follow, max-snippet:-1, max-image-preview:large, max-video-preview:-1\" \/>\n<link rel=\"canonical\" href=\"https:\/\/mcities.com.br\/curitiba\/fale-com-mcities\/\" \/>\n<meta property=\"og:locale\" content=\"pt_BR\" \/>\n<meta property=\"og:type\" content=\"article\" \/>\n<meta property=\"og:title\" content=\"Conecte-se Conosco | MCities Curitiba\" \/>\n<meta property=\"og:description\" content=\"Quer enviar uma pauta ou anunciar? Este \u00e9 o canal para falar com a gente. Clique para saber mais e conecte-se\" \/>\n<meta property=\"og:url\" content=\"https:\/\/mcities.com.br\/curitiba\/fale-com-mcities\/\" \/>\n<meta property=\"og:site_name\" content=\"MCities Curitiba\" \/>\n<meta property=\"article:modified_time\" content=\"2021-08-23T22:15:42+00:00\" \/>\n<meta name=\"twitter:card\" content=\"summary_large_image\" \/>\n<meta name=\"twitter:label1\" content=\"Est. reading time\" \/>\n\t<meta name=\"twitter:data1\" content=\"1 minuto\" \/>\n<script type=\"application\/ld+json\" class=\"yoast-schema-graph\">{\"@context\":\"https:\/\/schema.org\",\"@graph\":[{\"@type\":\"WebPage\",\"@id\":\"https:\/\/mcities.com.br\/curitiba\/fale-com-mcities\/\",\"url\":\"https:\/\/mcities.com.br\/curitiba\/fale-com-mcities\/\",\"name\":\"Conecte-se Conosco | MCities Curitiba\",\"isPartOf\":{\"@id\":\"https:\/\/mcities.com.br\/curitiba\/#website\"},\"datePublished\":\"2017-09-01T22:12:23+00:00\",\"dateModified\":\"2021-08-23T22:15:42+00:00\",\"description\":\"Quer enviar uma pauta ou anunciar? Este \u00e9 o canal para falar com a gente. Clique para saber mais e conecte-se\",\"breadcrumb\":{\"@id\":\"https:\/\/mcities.com.br\/curitiba\/fale-com-mcities\/#breadcrumb\"},\"inLanguage\":\"pt-BR\",\"potentialAction\":[{\"@type\":\"ReadAction\",\"target\":[\"https:\/\/mcities.com.br\/curitiba\/fale-com-mcities\/\"]}]},{\"@type\":\"BreadcrumbList\",\"@id\":\"https:\/\/mcities.com.br\/curitiba\/fale-com-mcities\/#breadcrumb\",\"itemListElement\":[{\"@type\":\"ListItem\",\"position\":1,\"name\":\"Home\",\"item\":\"https:\/\/mcities.com.br\/curitiba\/\"},{\"@type\":\"ListItem\",\"position\":2,\"name\":\"Conecte-se Conosco\"}]},{\"@type\":\"WebSite\",\"@id\":\"https:\/\/mcities.com.br\/curitiba\/#website\",\"url\":\"https:\/\/mcities.com.br\/curitiba\/\",\"name\":\"MCities Curitiba\",\"description\":\"MCities \u00e9 um sistema que tem a disposic\u0327a\u0303o de dinamizar a integrac\u0327a\u0303o entre pessoas e cidades. Somos um sistema que oferece conte\u00fados de experi\u00eancias divertidas para voc\u00ea curtir e viver momentos incr\u00edveis, seja em casa ou nas ruas da cidade.\",\"publisher\":{\"@id\":\"https:\/\/mcities.com.br\/curitiba\/#organization\"},\"potentialAction\":[{\"@type\":\"SearchAction\",\"target\":{\"@type\":\"EntryPoint\",\"urlTemplate\":\"https:\/\/mcities.com.br\/curitiba\/?s={search_term_string}\"},\"query-input\":\"required name=search_term_string\"}],\"inLanguage\":\"pt-BR\"},{\"@type\":\"Organization\",\"@id\":\"https:\/\/mcities.com.br\/curitiba\/#organization\",\"name\":\"MCities\",\"url\":\"https:\/\/mcities.com.br\/curitiba\/\",\"logo\":{\"@type\":\"ImageObject\",\"inLanguage\":\"pt-BR\",\"@id\":\"https:\/\/mcities.com.br\/curitiba\/#\/schema\/logo\/image\/\",\"url\":\"https:\/\/mcities.com.br\/curitiba\/wp-content\/uploads\/sites\/3\/2017\/03\/mcities-color.png\",\"contentUrl\":\"https:\/\/mcities.com.br\/curitiba\/wp-content\/uploads\/sites\/3\/2017\/03\/mcities-color.png\",\"width\":248,\"height\":57,\"caption\":\"MCities\"},\"image\":{\"@id\":\"https:\/\/mcities.com.br\/curitiba\/#\/schema\/logo\/image\/\"}}]}<\/script>\n<!-- \/ Yoast SEO plugin. -->","yoast_head_json":{"title":"Conecte-se Conosco | MCities Curitiba","description":"Quer enviar uma pauta ou anunciar? Este \u00e9 o canal para falar com a gente. Clique para saber mais e conecte-se","robots":{"index":"index","follow":"follow","max-snippet":"max-snippet:-1","max-image-preview":"max-image-preview:large","max-video-preview":"max-video-preview:-1"},"canonical":"https:\/\/mcities.com.br\/curitiba\/fale-com-mcities\/","og_locale":"pt_BR","og_type":"article","og_title":"Conecte-se Conosco | MCities Curitiba","og_description":"Quer enviar uma pauta ou anunciar? Este \u00e9 o canal para falar com a gente. Clique para saber mais e conecte-se","og_url":"https:\/\/mcities.com.br\/curitiba\/fale-com-mcities\/","og_site_name":"MCities Curitiba","article_modified_time":"2021-08-23T22:15:42+00:00","twitter_card":"summary_large_image","twitter_misc":{"Est. reading time":"1 minuto"},"schema":{"@context":"https:\/\/schema.org","@graph":[{"@type":"WebPage","@id":"https:\/\/mcities.com.br\/curitiba\/fale-com-mcities\/","url":"https:\/\/mcities.com.br\/curitiba\/fale-com-mcities\/","name":"Conecte-se Conosco | MCities Curitiba","isPartOf":{"@id":"https:\/\/mcities.com.br\/curitiba\/#website"},"datePublished":"2017-09-01T22:12:23+00:00","dateModified":"2021-08-23T22:15:42+00:00","description":"Quer enviar uma pauta ou anunciar? Este \u00e9 o canal para falar com a gente. Clique para saber mais e conecte-se","breadcrumb":{"@id":"https:\/\/mcities.com.br\/curitiba\/fale-com-mcities\/#breadcrumb"},"inLanguage":"pt-BR","potentialAction":[{"@type":"ReadAction","target":["https:\/\/mcities.com.br\/curitiba\/fale-com-mcities\/"]}]},{"@type":"BreadcrumbList","@id":"https:\/\/mcities.com.br\/curitiba\/fale-com-mcities\/#breadcrumb","itemListElement":[{"@type":"ListItem","position":1,"name":"Home","item":"https:\/\/mcities.com.br\/curitiba\/"},{"@type":"ListItem","position":2,"name":"Conecte-se Conosco"}]},{"@type":"WebSite","@id":"https:\/\/mcities.com.br\/curitiba\/#website","url":"https:\/\/mcities.com.br\/curitiba\/","name":"MCities Curitiba","description":"MCities \u00e9 um sistema que tem a disposic\u0327a\u0303o de dinamizar a integrac\u0327a\u0303o entre pessoas e cidades. Somos um sistema que oferece conte\u00fados de experi\u00eancias divertidas para voc\u00ea curtir e viver momentos incr\u00edveis, seja em casa ou nas ruas da cidade.","publisher":{"@id":"https:\/\/mcities.com.br\/curitiba\/#organization"},"potentialAction":[{"@type":"SearchAction","target":{"@type":"EntryPoint","urlTemplate":"https:\/\/mcities.com.br\/curitiba\/?s={search_term_string}"},"query-input":"required name=search_term_string"}],"inLanguage":"pt-BR"},{"@type":"Organization","@id":"https:\/\/mcities.com.br\/curitiba\/#organization","name":"MCities","url":"https:\/\/mcities.com.br\/curitiba\/","logo":{"@type":"ImageObject","inLanguage":"pt-BR","@id":"https:\/\/mcities.com.br\/curitiba\/#\/schema\/logo\/image\/","url":"https:\/\/mcities.com.br\/curitiba\/wp-content\/uploads\/sites\/3\/2017\/03\/mcities-color.png","contentUrl":"https:\/\/mcities.com.br\/curitiba\/wp-content\/uploads\/sites\/3\/2017\/03\/mcities-color.png","width":248,"height":57,"caption":"MCities"},"image":{"@id":"https:\/\/mcities.com.br\/curitiba\/#\/schema\/logo\/image\/"}}]}},"_links":{"self":[{"href":"https:\/\/mcities.com.br\/curitiba\/wp-json\/wp\/v2\/pages\/907"}],"collection":[{"href":"https:\/\/mcities.com.br\/curitiba\/wp-json\/wp\/v2\/pages"}],"about":[{"href":"https:\/\/mcities.com.br\/curitiba\/wp-json\/wp\/v2\/types\/page"}],"author":[{"embeddable":true,"href":"https:\/\/mcities.com.br\/curitiba\/wp-json\/wp\/v2\/users\/1"}],"replies":[{"embeddable":true,"href":"https:\/\/mcities.com.br\/curitiba\/wp-json\/wp\/v2\/comments?post=907"}],"version-history":[{"count":63,"href":"https:\/\/mcities.com.br\/curitiba\/wp-json\/wp\/v2\/pages\/907\/revisions"}],"predecessor-version":[{"id":12360,"href":"https:\/\/mcities.com.br\/curitiba\/wp-json\/wp\/v2\/pages\/907\/revisions\/12360"}],"wp:attachment":[{"href":"https:\/\/mcities.com.br\/curitiba\/wp-json\/wp\/v2\/media?parent=907"}],"curies":[{"name":"wp","href":"https:\/\/api.w.org\/{rel}","templated":true}]}}